emainder when 815 is divided by l?
16
Let o(h) = -h**2 - 9*h + 7. Suppose 25*p = 23*p + 132. Suppose -p = -2*t - 5*w - 4, -3*w = t - 32. What is the remainder when t is divided by o(-9)?
5
Suppose -10*i + 4 = -8*i. Suppose -12 = -4*l, -i*l - 6 = -0*b - 3*b. What is the remainder when b/2*79/2 is divided by 9?
7
Let y(j) = -14*j - 353. Calculate the remainder when 404 is divided by y(-37).
74
Let n(x) = 3*x**2 + 0*x**2 - 14*x - 4*x**2 + 2033 - 2053. Suppose 9*u = 10*u + 5. Calculate the remainder when 71 is divided by n(u).
21
Let h(j) = 12*j + 519. What is the remainder when 1255 is divided by h(-42)?
10
Suppose -136*f - 20 = -140*f. Let b = f - 119. Calculate the remainder when 42 is divided by b/(-5) + (-4)/(0 + -20).
19
Let a = 177354 + -177057. Suppose -22 = -2*v + 2*g, -5*v + v = 5*g - 80. What is the remainder when a is divided by v?
12
Let a(l) = 2*l**3 - 19*l**2 + 19*l - 16. Let k be a(7). Let c = k + 164. What is the remainder when c is divided by 20?
16
Suppose -2 = -2*s - 8, 3*g + 42 = -5*s. Let c = g + 22. What is the remainder when -2*885/(-54) - (-4)/18 is divided by c?
7
Suppose -209 = -5*o + 5*a - 34, -55 = -o - 3*a. Suppose 3*t = -4*l + t + 86, -5*l + t + 132 = 0. What is the remainder when o is divided by l?
15
Let l = 26 + -7. Suppose -5*n = -5*v + 2*v - 106, v = n - 22. Calculate the remainder when l is divided by 3/(-15) - ((-204)/n - 2).
7
Let i(g) = g**3 + 67*g**2 - 147*g - 457. Calculate the remainder when 381 is divided by i(-69).
53
Let m(p) = 29*p - 1148. Calculate the remainder when m(90) is divided by 10.
2
Let n be (32 - (1 + -1)) + 1. Suppose v + 0*v = n. Calculate the remainder when v is divided by 3 - (-9)/(36/56).
16
Let g = 3117 + -3105. What is the remainder when 2795 is divided by g?
11
Let y = 1832 - 1306. Let f = 847 - y. Calculate the remainder when f is divided by 19.
17
Let t(s) = 6*s**3 - 2*s**2 + s + 1. Let p(x) = x + 10. Let a be p(-8). Suppose 0 = 6*k - k - 115. Calculate the remainder when t(a) is divided by k.
20
Let p(r) = -433*r + 1832. Calculate the remainder when 1068 is divided by p(4).
68
Let j(h) = 4*h**3 + 51*h**2 - 26*h + 189. Calculate the remainder when j(-13) is divided by 46.
36
Calculate the remainder when (-2841)/(6/(-2) + (-1 - (-10 - -7))) is divided by 73.
67
Let x(n) be the second derivative of n**5/20 - 11*n**4/12 + 4*n**2 - 7*n - 4. Calculate the remainder when 16 is divided by x(11).
0
Let m(y) = 89*y - 340. Calculate the remainder when m(5) is divided by 22.
17
Let c(b) = -b**2 - 6*b + 14. Let y be c(-15). Let j = -116 - y. Calculate the remainder when ((-2)/4)/(3/(-84)) is divided by j.
4
Let l = -1953 + 2140. Calculate the remainder when 278 is divided by l.
91
Suppose 474*y + 5334 = 495*y. What is the remainder when y is divided by 242?
12
Let z(l) = l**3 - 16*l**2 - 46*l - 74. Let c be z(22). Suppose -495 - c = -9*i. What is the remainder when i is divided by 20?
17
Suppose -77*a + 18 = -71*a. Suppose 4 = w, -6*w + a*w + 108 = 3*v. Calculate the remainder when 382 is divided by v.
30
Suppose -33*z + 34*z - 126 = -2*l, -309 = -5*l - 4*z. Calculate the remainder when 579 is divided by l.
59
Suppose 4*m - 4*x = 164, 0 = -4*x - 5 - 3. Let o(g) = 154*g - 6389. What is the remainder when o(43) is divided by m?
38
Let n = -69 - -60. What is the remainder when 4/(-8) + 53/2 is divided by (48/n)/(4/(-6))?
2
Let y(t) = t**2 + 3*t + 3. What is the remainder when (55/(-3))/(2900/(-240) + 12) is divided by y(-3)?
1
Let y = -2934 - -2940. Calculate the remainder when 933 is divided by y.
3
What is the remainder when 7473 is divided by -161 + 173 - (-2 - -2)?
9
Suppose 0 = -5*i - 25, -q + 58 - 20 = -i. Suppose -q*t + 32 = -t. Let v(y) = y**3 + 4*y**2 + 2*y - 1. Calculate the remainder when v(-3) is divided by t.
0
Let k = -92 + 88. Let q be (-3)/(-2)*(k + 6). Suppose 2*c + c - 65 = -u, -4*c = q*u - 95. Calculate the remainder when c is divided by 2.
0
Suppose 14*f + 5109 = 19*f - h, 2*f - 2054 = 3*h. Calculate the remainder when f is divided by 54.
49
Let x be ((2 - -3)*1)/(-1). Let y = -3222 - -3248. Calculate the remainder when 150 - (x - -2 - 0) is divided by y.
23
Suppose -341 = -9*b + 1468. Let g = b + -175. Calculate the remainder when 74 is divided by g.
22
Let o(p) = p**3 - 135*p**2 - 842*p + 440. What is the remainder when 4027 is divided by o(141)?
11
Let q = -8724 + 8757. What is the remainder when ((-236)/(-12))/((-2)/(-6)) is divided by q?
26
Let t = -274 + 183. Let x = t + 183. What is the remainder when x is divided by 12?
8
What is the remainder when -1 - ((-3653)/(-234)*3)/(3/(-18)) is divided by 47?
45
Suppose 8*v - 561 - 1719 = 0. Let w(i) = i**3 - 7*i**2 - 12*i + 25. Let u be w(8). Calculate the remainder when v is divided by 4/(-14) + (-289)/u.
39
Let k(j) = j**3 + 40*j**2 + 163*j - 197. What is the remainder when 1052 is divided by k(-35)?
160
Suppose -4279*x + 4240*x + 10491 = 0. Calculate the remainder when x is divided by 52.
9
Suppose 444 = -19*a + 25*a. Suppose -7*u - 31 = -87. Calculate the remainder when a is divided by (-3)/(-12) - (-214)/u.
20
Suppose -3*d + 47 - 17 = -3*b, 0 = -4*b - 2*d - 52. Calculate the remainder when -83*(-1)/(0 + 1) is divided by -28*1/(b/9).
20
Let v(b) = 29*b - 242. Let y(i) = -2*i**3 - 8*i**2 - 11*i - 38. Calculate the remainder when v(9) is divided by y(-4).
1
Let l be (421/3)/((-2)/(-6)). Let n = l + -307. Calculate the remainder when n is divided by 23.
22
Let q(d) = -d**2 - 10*d - 17. Suppose 2*i - 4*j = -i - 1, 0 = 2*i - 2*j + 4. Let h be q(i). Let b = 21 - h. What is the remainder when 55 is divided by b?
4
Calculate the remainder when 663 is divided by 213/9 + 28/14*(-1)/3.
19
Let c(p) = 7*p**2 - 36*p - 76. What is the remainder when 344 is divided by c(9)?
10
Suppose 5*t - 187 = 3*o - 4*o, 0 = t + 2*o - 41. Let y = -1086 + 1196. What is the remainder when y is divided by t?
36
Let a(t) = -t**3 + 10*t**2 + 14*t - 218. Suppose 407 = 3*g + 5. Calculate the remainder when g is divided by a(7).
26
Suppose -2*d - 24 = -2*n, -3*n + 34 = d + 2. What is the remainder when n is divided by 3*(50/(-15) - -4)?
1
Let d = 81 - 51. Suppose 9*r = -5*y + 390, -3*r - 8*y + 108 = -10*y. What is the remainder when r is divided by d?
10
Calculate the remainder when (-241 - 24)/((-3)/18*2) is divided by 234.
93
Suppose 5*d - 56*t + 51*t - 340 = 0, -3*t + 192 = 3*d. What is the remainder when 307 is divided by d?
43
Let a = -338 + 407. Suppose -a*w = -68*w - 20. Calculate the remainder when 170 is divided by w.
10
Suppose -3*d - 332 = d. Let a = 131 + d. Calculate the remainder when 479 is divided by a.
47
Suppose 8*y - 1869 = -81*y. Let o(z) = -z**2 - 8*z - 3. Let m be o(-5). Calculate the remainder when m/8 - 578/(-4) is divided by y.
20
Let k(z) = z - 7. Let f be k(0). Let o(s) = -4*s**2 - s - 19935 - s**3 + 19940 + 12*s. What is the remainder when o(f) is divided by 13?
10
Let x = -78 + 78. Suppose -3*u + 3*o + 243 = x, -4*o = u - 65 - 26. Calculate the remainder when u is divided by 43.
40
Let l = 217 - 216. What is the remainder when 62 is divided by 10 - (0 - 5 - l)?
14
Let h(v) = -v + 2. Let g be h(7). Let j(x) = 3*x**2 + 6*x + 4. Calculate the remainder when j(g) is divided by (-4356)/(-429) + (-2)/13 - -3.
10
Let r(j) = j**2 + 5*j + 1. Let b(l) = -2*l**2 - 49*l + 42. Let z(u) = b(u) + 5*r(u). What is the remainder when z(6) is divided by 2?
1
Suppose -35 = -k + 2*t - 0*t, -2*k = -t - 61. Let a = -182526 + 182579. What is the remainder when a is divided by k?
24
Suppose 6*i = -5*h + 220 - 12, 5*h - 224 = 2*i. Calculate the remainder when 151 is divided by h.
19
Let b = -134 + 153. Suppose 0 = -i + b*i - 342. Calculate the remainder when 246 is divided by i.
18
Let g(i) = -34*i + 63. Let v(n) = 67*n - 126. Let r(y) = -13*g(y) - 6*v(y). Calculate the remainder when r(19) is divided by 14.
11
Calculate the remainder when ((-74)/(-148))/((-1)/(-868)) is divided by 3.
2
Let l(w) = -15*w**2 - 31*w + 425. Let f(s) = -7*s**2 - 16*s + 212. Let r(i) = 13*f(i) - 6*l(i). Calculate the remainder when 109 is divided by r(-28).
33
Suppose 0*n = 10*n - 126 + 6. Calculate the remainder when 1761 is divided by n.
9
Let a(k) = k**3 - 7*k**2 + 4*k - 10. Let y be a(7). Suppose 28 = 3*x - x. What is the remainder when (-4)/(-6) - (-402)/y is divided b